{"id":9,"date":"2020-02-09T22:11:40","date_gmt":"2020-02-09T19:11:40","guid":{"rendered":"https:\/\/www.galapalas.com\/?page_id=9"},"modified":"2020-02-11T21:23:02","modified_gmt":"2020-02-11T18:23:02","slug":"hakkimizda","status":"publish","type":"page","link":"https:\/\/www.galapalas.com\/index.php\/hakkimizda\/","title":{"rendered":"Hakk\u0131m\u0131zda"},"content":{"rendered":"<p><img decoding=\"async\" loading=\"lazy\" class=\"size-medium wp-image-71 aligncenter mobilresim\" src=\"https:\/\/www.galapalas.com\/wp-content\/uploads\/2020\/02\/loglog-300x193.png\" alt=\"\" width=\"300\" height=\"193\" srcset=\"https:\/\/www.galapalas.com\/wp-content\/uploads\/2020\/02\/loglog-300x193.png 300w, https:\/\/www.galapalas.com\/wp-content\/uploads\/2020\/02\/loglog-1024x659.png 1024w, https:\/\/www.galapalas.com\/wp-content\/uploads\/2020\/02\/loglog-768x494.png 768w, https:\/\/www.galapalas.com\/wp-content\/uploads\/2020\/02\/loglog-1536x988.png 1536w, https:\/\/www.galapalas.com\/wp-content\/uploads\/2020\/02\/loglog-266x171.png 266w, https:\/\/www.galapalas.com\/wp-content\/uploads\/2020\/02\/loglog-229x147.png 229w, https:\/\/www.galapalas.com\/wp-content\/uploads\/2020\/02\/loglog.png 1600w\" sizes=\"(max-width: 300px) 100vw, 300px\" \/><\/p>\n<p>Salonumuz 700 ki\u015filiktir. Havaland\u0131rma sistemi ve klima sistemi ile G\u00fcvenli Hizmet \u00d6nceli\u011fimizdir. D\u00fc\u011f\u00fcn, Ni\u015fan, K\u0131na, Yemek Organizasyonu, Her T\u00fcrl\u00fc Toplant\u0131 ve Davetlere a\u00e7\u0131k bir salondur.<\/p>\n<p>Mutlulu\u011funuza ilk ad\u0131m\u0131 birlikte atal\u0131m.<\/p>\n<p>Salonumuza ilk geldi\u011finizde, genellikle salon tan\u0131t\u0131m\u0131, m\u00fc\u015fteriyi en iyi \u015fekilde ve i\u00e7tenlikle kar\u015f\u0131lamak ve fiyat konusunda ger\u00e7ek bilgiler verilmektir.<\/p>\n<p>D\u00fc\u011f\u00fcn An\u0131 \u00c7al\u0131\u015fma: En \u00f6nemli a\u015famad\u0131r. Aktivite (D\u00fc\u011f\u00fcn, Ni\u015fan, Konser, Toplant\u0131 vs.) esnas\u0131nda en iyi \u015fekilde hizmet vermektir. D\u00fc\u011f\u00fcn salonlar\u0131nda yap\u0131lan klasik programlar d\u0131\u015f\u0131nda, iste\u011fe y\u00f6nelik etkinlikler d\u00fczenlenmektedir. Bunlar\u0131n d\u0131\u015f\u0131nda yap\u0131lan etkinlik g\u00fcn\u00fcnden hat\u0131ra olarak kalacak olan video ve foto\u011fraf \u00e7ekimleri g\u00fcn\u00fcm\u00fcz teknolojisiyle (Dijital Bask\u0131) hizmetinize sunulmu\u015ftur.<\/p>\n<p>Ayr\u0131ca salonumuzda, hijyenik ortamda, \u00f6zel olarak haz\u0131rlad\u0131\u011f\u0131 ya\u015f pasta ve kuru pasta ile memnuniyet anlay\u0131\u015f\u0131 i\u00e7indeyiz. Hizmet Sonras\u0131 \u00c7al\u0131\u015fma: Hizmet sonras\u0131 memnuniyet \u00f6nemlidir. Y\u00f6neticilerimiz etkinli\u011fi d\u00fczenleyen m\u00fc\u015fterilerimizle, aktivite sonras\u0131 bir araya gelip g\u00f6r\u00fc\u015flerini almakta ve daha kusursuz hizmet i\u00e7in \u00e7aba sarf etmektedirler.<\/p>\n<p>&nbsp;<\/p>\n","protected":false},"excerpt":{"rendered":"Salonumuz 700 ki\u015filiktir. Havaland\u0131rma sistemi ve klima sistemi ile G\u00fcvenli Hizmet \u00d6nceli\u011fimizdir. D\u00fc\u011f\u00fcn, Ni\u015fan, K\u0131na, Yemek Organizasyonu, Her T\u00fcrl\u00fc Toplant\u0131 ve Davetlere a\u00e7\u0131k bir salondur. Mutlulu\u011funuza ilk ad\u0131m\u0131 birlikte atal\u0131m. Salonumuza ilk geldi\u011finizde, genellikle salon tan\u0131t\u0131m\u0131, m\u00fc\u015fteriyi en iyi \u015fekilde ve i\u00e7tenlikle kar\u015f\u0131lamak ve fiyat konusunda ger\u00e7ek bilgiler verilmektir. D\u00fc\u011f\u00fcn&#8230;","protected":false},"author":1,"featured_media":0,"parent":0,"menu_order":0,"comment_status":"closed","ping_status":"closed","template":"","meta":[],"_links":{"self":[{"href":"https:\/\/www.galapalas.com\/index.php\/wp-json\/wp\/v2\/pages\/9"}],"collection":[{"href":"https:\/\/www.galapalas.com\/index.php\/wp-json\/wp\/v2\/pages"}],"about":[{"href":"https:\/\/www.galapalas.com\/index.php\/wp-json\/wp\/v2\/types\/page"}],"author":[{"embeddable":true,"href":"https:\/\/www.galapalas.com\/index.php\/wp-json\/wp\/v2\/users\/1"}],"replies":[{"embeddable":true,"href":"https:\/\/www.galapalas.com\/index.php\/wp-json\/wp\/v2\/comments?post=9"}],"version-history":[{"count":8,"href":"https:\/\/www.galapalas.com\/index.php\/wp-json\/wp\/v2\/pages\/9\/revisions"}],"predecessor-version":[{"id":78,"href":"https:\/\/www.galapalas.com\/index.php\/wp-json\/wp\/v2\/pages\/9\/revisions\/78"}],"wp:attachment":[{"href":"https:\/\/www.galapalas.com\/index.php\/wp-json\/wp\/v2\/media?parent=9"}],"curies":[{"name":"wp","href":"https:\/\/api.w.org\/{rel}","templated":true}]}}